 8. Calculate t(y).
-4
Let q = -1 + 3. Let d(t) = -1 - q*t + 3 - 5 + 0. Determine d(-2).
1
Let m(i) = -4*i - 2. Let y be m(-2). Let w(d) = 3*d**3 - 5*d**2 + 8*d + 7. Let f(c) = -4*c**3 + 4*c**2 - 9*c - 8. Let o(x) = -2*f(x) - 3*w(x). What is o(y)?
-5
Let p(c) = -c - 3. Suppose 2*r = 4*r - 5*j + 2, -r = 3*j + 1. Let i be (-1)/(r - 0 - -2). Let n be (1 - 2)*(-5 - i). Calculate p(n).
-7
Let w be 1/((-1 - -3)/(-2)). Let a(n) be the second derivative of n**5/20 - n**4/12 + n - 26. Calculate a(w).
-2
Suppose -a + 36 = -4*r - 0*a, -4*a + 9 = -r. Let c(l) = l + 5. What is c(r)?
-4
Let l(w) = -w - 1. Suppose -13 = 3*u - 7*u + j, -5*u = j - 5. Suppose -u*b = 3*r + 10, -2*b + 18 = -r - 3*r. Suppose -b - 3 = -t. What is l(t)?
-5
Let x(i) = 0*i + 4*i - 3*i. Calculate x(4).
4
Let x(s) = 2*s + 6 - s**2 - 5 + 2*s**2. Suppose 2 = -4*y + 3*y. What is x(y)?
1
Let g(y) = y**3 - 3*y**2 + 2*y - 3. Let b be g(2). Let m be (0 - 0)/b + -3. Let w(r) = -4*r + 9. Let x(q) = 9*q - 19. Let c(u) = 13*w(u) + 6*x(u). What is c(m)?
-3
Let h be ((-1)/(-3))/(1/(-12)). Let w(f) = -f**2 - 4*f + 5. What is w(h)?
5
Let s(u) = 2*u**2 - 7*u + 5. Let o(z) be the first derivative of z**3 - 13*z**2/2 + 9*z - 4. Let j(w) = 3*o(w) - 5*s(w). Give j(-5).
-3
Suppose 6*k = -3*w + 2*k - 8, 5*w - 2*k - 4 = 0. Let n(d) = d - 6. Calculate n(w).
-6
Let w(m) = -8*m - 3. Let f(h) = 7*h + 3. Let r(z) = -6*f(z) - 5*w(z). Calculate r(-4).
5
Let l(n) = 61 - 34 + 8*n**2 + n - 28. Determine l(1).
8
Suppose 0*h = 2*w - 2*h + 14, 0 = -2*h + 10. Let v be (-1)/w - (-12)/(-8). Let k(m) = m + 1. Let z be k(v). Let f(p) = -p + 8. What is f(z)?
8
Let d(k) be the first derivative of -k**7/84 + k**5/120 - k**3/3 - 1. Let b(q) be the third derivative of d(q). Let w be (2 - 4 - -1)/(-1). Give b(w).
-9
Let g(f) = -f**2 + 3*f + 3. Let w be 9/2 + (-1)/(-2). Give g(w).
-7
Let o(k) be the third derivative of k**5/20 - k**4/8 - k**3/3 - 3*k**2. Let n(h) = 2*h**2 - 4*h - 3. Let r(i) = 4*n(i) - 3*o(i). Calculate r(-6).
0
Let k(r) = r**3 + 22*r + 6 + 54*r**2 - 12*r - 8*r - 50*r**2. Give k(-5).
-29
Let h = 2 + -5. Let s = h + -1. Let v(y) be the second derivative of -y**4/12 - 2*y**3/3 + 2*y**2 + y. Calculate v(s).
4
Let w be 6*(-5)/((-15)/2). Let i be -2*1*(-2)/w. Let b(t) = -t**3 + t**2 + 1. Calculate b(i).
1
Suppose 16 = 5*y - j, 4*y + 0*y = 2*j + 14. Let z(i) = 5*i - 3. Let c(h) = -14*h + 8. Let u = -24 + 13. Let p(m) = u*z(m) - 4*c(m). What is p(y)?
4
Let i(b) = 8*b. Suppose 0 = -n - 5 + 1, -z = 5*n + 19. Let x(m) = -m**2 + 2*m + 4. Let o be x(3). Suppose -2*k - z = o. Determine i(k).
-8
Let y(h) be the third derivative of -7*h**6/360 - h**5/60 - h**4/24 + 2*h**3/3 - 2*h**2. Let v(t) be the first derivative of y(t). What is v(-1)?
-6
Let v(i) = i**3 + 0*i**3 - 1 + i + 5*i**2 - 11*i**2. Determine v(6).
5
Let t(q) be the first derivative of -q + 1/2*q**2 - 1/4*q**4 + 5/3*q**3 + 2. Determine t(5).
4
Let a(v) be the first derivative of -v**2 - 8. What is a(-1)?
2
Let z(f) be the second derivative of -f**3/6 - f**2 - 4*f - 3. Give z(3).
-5
Let k(g) be the third derivative of 0 - 1/60*g**5 - 5/24*g**4 + 0*g + 4*g**2 - g**3. Let x = 1 + -5. What is k(x)?
-2
Let h be (1 - 0)*(-12)/(-2). Let m be 21/h - (-2)/4. Let s(q) = q**2 - 1. Determine s(m).
15
Let i(t) = t - 9. Suppose -18 = -n - n. Determine i(n).
0
Let o(q) = 3*q**2 + 5*q - 5. Let l(p) = p**2 - 8*p + 3. Let g(h) = -2*h**2 + 12*h - 4. Let y(d) = 5*g(d) + 8*l(d). Let s(b) = -3*o(b) - 4*y(b). Determine s(3).
-7
Let j be 3/(-2) - (-28)/8. Let b(q) = -q**2 + 1. What is b(j)?
-3
Let a(c) = c. Let l(z) = 4*z - 3. Let u(k) = 9*k - 7. Let j(h) = -10*l(h) + 4*u(h). Let n(v) = 6*a(v) + 2*j(v). Let g be 5*(-1 - 0)/(-1). Determine n(g).
-6
Let z = 11 + -8. Suppose 7*p - 20 = z*p. Let x(j) = -j + 4. Give x(p).
-1
Let i = 2/13 - -7/39. Let y(n) be the first derivative of 1 - 1/4*n**4 - i*n**3 + 0*n**2 + 6*n. Determine y(0).
6
Let s(u) be the first derivative of 0*u + 1/3*u**3 - 1/2*u**2 - 3. Let f(i) = -i**2 + 7*i. Let z be f(7). Determine s(z).
0
Let o be (2*8 + 0)/(-1). Let p be (2 + o/10)*15. Let s(r) = p*r + r - r. Calculate s(1).
6
Let t(p) be the third derivative of p**9/60480 + p**8/10080 - p**7/2520 - p**6/180 + p**5/30 - 3*p**2. Let m(j) be the third derivative of t(j). What is m(-3)?
-7
Let z(q) = -2*q - 4. Let r(p) = p - 5. Let o be r(8). Suppose w = -o*w - 24. Give z(w).
8
Let b = 7 - 2. Let j(a) = -2*a**3 + 5*a + a**3 - 6*a - 2 + 5*a**2. Give j(b).
-7
Let v = -2 + 6. Let q(g) = -g**3. Let w = 13 + -15. Let f(m) = -m**3 - 4*m**2 - 1. Let r(d) = w*q(d) + f(d). Determine r(v).
-1
Let h(y) = 2*y + 3. Let u be (-2)/(((-12)/18)/(1 + -2)). What is h(u)?
-3
Let m(o) = o**2 + 2*o - 1. Let d(f) = f**2 + 7*f - 3. Let y = 7 + -2. Suppose j = -4*i + 9, 2 = -y*j - i - 29. Let b be d(j). What is m(b)?
2
Let s be 8/(-3 + (-2 - -7)). Let a(r) = 3*r - 4. What is a(s)?
8
Let c(y) = -y - 2 + 0 - 1 - 2. What is c(-4)?
-1
Let g(k) = -7*k + 8*k - 2 - 2 + 2. Calculate g(-3).
-5
Let l(a) be the first derivative of -a**4/4 + a**3 + 3*a**2 - 5*a + 1. Suppose -3*x + 2*t + 8 = 0, -18 + 0 = -4*x - t. Determine l(x).
3
Let j(h) = 2*h. Let q = -12 - -21. Suppose 7 = 4*o - q. Let d = -6 + o. Calculate j(d).
-4
Let x = -17 + 19. Let w(v) = -7*v**2 + 6*v**3 + x*v**2 - v + 6*v**2 + 2*v. Determine w(-1).
-6
Let x(o) be the first derivative of 3*o**2/2 + 2*o + 24. Determine x(-5).
-13
Let j = 5 + -3. Let p(d) = -d**j - 14 + 7*d + 19 - 14. Calculate p(6).
-3
Let r be 4/((-3)/(-15)*-2). Let b = 10 + r. Let i(s) = s - 10. What is i(b)?
-10
Let v(j) = -j**3 - j**2 + 2. Let u = -3 - -3. Give v(u).
2
Let a(f) = 0*f - 3 - f + 4. Suppose -5 = g - 6*g. Let o be a(g). Let n(j) = j**3 + j**2 - j - 4. Calculate n(o).
-4
Let w be 3 - (0 - 1)*6. Let s(m) = -6 + 1 - 4*m + w. Give s(3).
-8
Let z(g) = -22*g**3 + 3*g**2 + g + 1. Let p(s) = 21*s**3 - 2*s**2 - s - 1. Let y(n) = 4*p(n) + 3*z(n). Give y(-1).
-17
Suppose -4*d = 4*g, 6 = -7*g + 6*g + 5*d. Let t(l) = -l**2 + 5*l + 3. Let h be t(5). Let a(n) = 2*n**2 - 3*n**2 + n**3 - 6*n**h. Calculate a(g).
4
Let b(q) be the second derivative of 0*q**2 + 1/6*q**3 + 0 + 1/12*q**4 - 2*q. Let t(g) = -g**3 + 3*g**2 - 2*g + 1. Let i be t(2). Give b(i).
2
Let l(b) = 2*b - 5. Let h be (-2)/(-3) + (-66)/18. Let r(g) = -5*g + 14. Let w(c) = h*r(c) - 8*l(c). Suppose 3*z = z + 12. Give w(z).
-8
Let x(f) = -f**3 + f**2 + 2*f + 3. Suppose 22 = -l - 5*d, -6 = -9*l + 8*l + 2*d. Give x(l).
11
Suppose 0 = i - 3. Let z be 1/i*3*1. Let l(q) = -5*q + q - 4*q. What is l(z)?
-8
Let j be ((-3)/(-6))/((-2)/12). Let i = -1 - j. Let x(k) = -5*k + 2. Determine x(i).
-8
Let n(s) = -2*s - 4. Suppose 0 = -3*k - 3*v, 24 = 4*k - 4*v - 0*v. Determine n(k).
-10
Let s(t) = -4 + t**2 + 2*t + 2*t - 1. Determine s(-6).
7
Suppose 0*r + 3*n = -5*r - 61, n = r + 17. Let y = -9 - r. Let x(b) be the second derivative of b**4/12 - b**3 + 2*b**2 + b. Give x(y).
-1
Let p = 5 - 3. Suppose -p*q + 4 = -o - 3, -q = 3*o. Let y(n) = 5*n**3 - 2*n**2 - n. Let v(w) = -9*w**3 + 5*w**2 + 2*w. Let l(j) = 2*v(j) + 5*y(j). Give l(o).
-6
Suppose -o = -0 - 1. Let q(d) = 0*d**2 + d - 5*d**2 + d + 2*d + o. Let h(i) = i**3 - i**2 + i + 1. Let v(y) = h(y) + q(y). Calculate v(4).
-10
Let v be (-2 - 8)*2/(-4). Let l(a) = v + 11*a - 3 - 2. Calculate l(1).
11
Let l = 4 + -6. Let d be (1 + -1)/(-4 + 3). Let m(w) = d*w**3 - 2*w**2 - 3*w - 1 - w**3 + 0*w**3 + 0*w. Calculate m(l).
5
Let o be -3 - (-1)/((-3)/(-33)). Suppose 0 + o = -2*h. Let f(b) = -b**2 - 6*b + 3. Calculate f(h).
11
Let n = 7 - 7. Suppose 0 = -q - n*q - 4. Let r(j) = -j**3 - 3*j**2 + 4*j + 1. Determine r(q).
1
Let z(x) = -x**2 - 3*x + 2. Let h(q) = q**2 - q + 1. Let c(m) = 3*h(m) - z(m). Let k(j) be the first derivative of j**2/2 + 4*j - 3. Let l be k(-3). Give c(l).
5
Let w(y) = y**3 - y**2 - 2*y + 2. Let a = -33 + 35. Calculate w(a).
2
Let h(d) be the first derivative of -d**3/3 - d**2/2 + 5*d - 14. Give h(0).
5
Let r be 10/(-25) - 2/(-5). Let n = r - 3. Let f(u) = -2*u**2 - 4*u - 1. Determine f(n).
-7
Let m = 2 + -2. Let f(l) = l**3 - 9 - 2 - 3*l**3 + l**3. Determine f(m).
-11
Suppose 3*i + s - 2 = 0, i - 3*s + 11 = -5. Let v(u) = 2*u + 2*u - u. Give v(i).
-3
Let f(a) = 2*a + 1. Suppose 2*l + 4 = -0*l. What is f(l)?
-3
Let w(y) be the third derivative of -y**4/12 - y**3/3 + 6*y**2. Su